osite?
False
Let c(p) = 587*p + 3725. Is c(22) a prime number?
False
Let s = -23 - -25. Let k be 2*(-3)/(-2) - 1*s. Is 1/(k + (-1380)/1381) a prime number?
True
Suppose k - 18*k = -5406. Let h = 3481 - k. Is h a composite number?
False
Suppose -40 = -g - 4*g. Let b be (g/12)/((-4)/114). Let f = b - -30. Is f prime?
True
Let r = 676113 - 379384. Is r a prime number?
True
Suppose -25122 = -g - 4*n, g + 5*n - 75394 = -2*g. Suppose -31*k = -g - 16929. Is k a prime number?
False
Let t(k) = 7*k**2 - 12*k + 133. Let r be t(-21). Let a = -1851 + r. Is a composite?
False
Let n(y) be the third derivative of -y**6/15 - y**5/12 + 31*y**4/24 + 5*y**3/2 - 42*y**2. Is n(-8) a prime number?
False
Suppose -3*a + 4*j + 39823 = 0, 39879 = -128*a + 131*a + 3*j. Is a a prime number?
False
Suppose 0 = 5*t - 4*z - 5467789, -30*t + 28*t + 2187112 = -z. Is t a composite number?
False
Let l(r) = 148*r - 374*r - 276*r - 3. Is l(-1) a prime number?
True
Suppose -w = -4*x + 33, -5*x + 32 = 4*w - 25. Let f be -1*(4 - x - 0). Suppose -3*n + 6776 = -f*p, 0 = n - 2*p - 0*p - 2257. Is n a composite number?
False
Let p(q) = q**3 + 18*q**2 - 38*q + 43. Let m be p(-20). Suppose -6523 = -m*y + 440. Is y a composite number?
True
Suppose 2*k - 209262 = -2*g, -k + 3*g + 153546 = 48931. Is k a prime number?
False
Let d = -25 - -7. Is 4/d + 1 + (-10520)/(-36) prime?
True
Let q(c) = -295*c**3 + 2*c**2 - 2*c - 3. Let l(d) = 294*d**3 - 2*d**2 + d + 2. Let n(v) = -3*l(v) - 2*q(v). Let a = -434 - -433. Is n(a) a composite number?
False
Let p(d) be the third derivative of -127*d**6/60 - d**5/60 + 2*d**3/3 - 3*d**2. Let c be p(-2). Suppose -10*w + 6178 = -c. Is w a composite number?
False
Let a(x) be the third derivative of 13/60*x**5 + 0 - 5/12*x**4 - 11/6*x**3 - 1/120*x**6 - 19*x**2 + 0*x. Is a(9) a prime number?
True
Suppose 3*j - 4*a - 5 = -3*a, -2*a - 4 = -3*j. Let o be (-3868)/(-8) + -7 - j/4. Suppose -2*r + 2750 = o. Is r a composite number?
True
Suppose -5*j + 1844795 = -5*v, -47*j + 42*j = 3*v - 1844795. Is j a composite number?
True
Suppose -20*a = 18 - 78. Is (a/(-6))/(-2 + (-17131)/(-8566)) a prime number?
True
Suppose -12459*t = -12496*t + 6467119. Is t prime?
False
Let w = -42110 - -66349. Is w composite?
False
Suppose -27*a = -105*a - 234. Let h = 8 + -6. Is a/6*h - -4596 a composite number?
True
Let w(h) be the third derivative of -h**6/120 + 29*h**5/60 + h**4/6 - 209*h**3/6 + 2*h**2 - 263*h. Is w(24) prime?
True
Let i = -111532 + 225171. Is i prime?
False
Is 66/4*4696190/465 a composite number?
True
Let z = 2089173 + -1179470. Is z a prime number?
False
Suppose 106*g = -57405432 + 157533986. Is g prime?
True
Let k = -8231 - -18108. Suppose i + 3*x - 1972 = 2989, -2*i + k = -3*x. Is i prime?
False
Is ((-40)/(-16))/(25/188390) a composite number?
False
Let p(g) = 26 + 294*g - 217*g + 260*g. Is p(8) prime?
False
Suppose 2*w = -211*w + 9124494. Is w a composite number?
True
Let l = 77758 + -27557. Is l composite?
True
Let t(m) = -m**2 - m - 2. Let g be t(-2). Let d(u) be the third derivative of -67*u**4/12 - 3*u**3/2 + 98*u**2 - 11*u. Is d(g) a prime number?
False
Let g(i) = -8*i + 167. Let p be g(20). Suppose 4*o - 4*a = 60680, 5 = -3*a - p. Is o composite?
True
Suppose 0 = -5*f + 463977 - 103692. Is f a composite number?
True
Let y(d) = d**3. Let j(v) = 7*v**3 + 12*v**2 + 16*v + 5. Let m(o) = -j(o) + 6*y(o). Let q be m(-8). Let u = q - -334. Is u composite?
True
Let x(o) = -231*o - 3. Suppose 0 = -39*z + 36*z - 15. Let g(y) = 232*y + 5. Let c(v) = z*x(v) - 4*g(v). Is c(20) a composite number?
True
Let y(l) = 3*l**2 - 21*l + 57. Let m = -70 - -79. Is y(m) a composite number?
True
Suppose 9*d = 4*d - 15, 4*l + d - 61 = 0. Let z be 5/40 - 50/l. Is (1835 + 3 - 4) + z a composite number?
False
Let u(m) = 117*m**2 + 71*m - 657. Is u(37) a composite number?
False
Suppose 3*c = 69*p - 74*p + 143419, 0 = 4*p + 3*c - 114734. Is p a composite number?
True
Let d = 214 - 209. Suppose -d*f + u + 11970 = 3686, 4*f + u - 6629 = 0. Is f a composite number?
False
Suppose 0 = -24*r + 25022 + 737002. Is r a prime number?
True
Is -3 - ((-118640)/10 + 1*-2) a prime number?
True
Suppose -9*g + 224921 = 32078. Is g a composite number?
True
Is 177521 + (-10)/20*-28 a prime number?
False
Suppose -4*t = -4*p, -2*t + p + 3*p = 6. Suppose -56 = -t*q - 50. Suppose o = q*o - 115. Is o a prime number?
False
Suppose 5*r + 5*m = 1352345, 18*m - 16*m = -5*r + 1352339. Is r a composite number?
True
Let f = 9 + 6. Suppose -f*o = -12*o - 2103. Is o composite?
False
Let n(g) = g**3 + 40*g**2 + 25*g + 54. Let u be n(-30). Let t = 17543 - u. Is t composite?
False
Let c = -11 + 15. Is 299/c*(-11)/((-44)/16) a composite number?
True
Let y(g) = 11*g**3 + 11*g**2 + 9*g + 35. Let u be y(-9). Let d = 10059 + u. Is d a prime number?
False
Let d(g) = -g + 17. Let j be d(14). Let t(m) = -m**3 + 3*m**2 + 2*m - 10. Let r be t(j). Is -17*654/(-24) - (-1)/r prime?
True
Let f(r) = 21*r**2 - 4*r + 6. Let y = -152 + 157. Is f(y) a composite number?
True
Let g be 2/(-7) - 68268/(-14). Let z = g - 3405. Is z a composite number?
False
Suppose 14*b = 3541158 + 2921172. Suppose 24*r = 9*r + b. Is r prime?
True
Suppose 7*h = -85*h + 5156876. Is h composite?
False
Let z(f) = f + 19. Let k be z(0). Let x = k + 152. Let r = x - 113. Is r prime?
False
Suppose 56*y + 690816 = 58*y - 5*p, y - 4*p = 345405. Is y composite?
False
Suppose -84784 = -58*s + 9*s + 33*s. Is s prime?
False
Suppose 714484 = 2*r + 124*x - 119*x, 0 = -5*r - x + 1786141. Is r composite?
True
Is ((-6)/(-4))/(86419410/(-9602164) + 9) prime?
False
Suppose -c = -4*b + 2*b + 6054, 0 = -b - 5. Let o = 20222 - 28852. Let i = c - o. Is i composite?
True
Let b(d) = -6*d**2 - 4*d - 47. Let x be b(18). Let u = x - -3276. Is u composite?
False
Suppose 37*o = 46*o - 365058. Suppose -3 = -a, -b - 4*a - o = -3*b. Is b a prime number?
True
Let b(o) = 218*o**3 - 2*o**2 + 29*o - 70. Let a be b(2). Suppose 448 = -n + 4393. Let x = n - a. Is x a composite number?
False
Let s(t) = 7*t**3 - 28*t**2 + 2*t - 7. Let d be s(12). Let b = d - 5448. Is b composite?
False
Let a = 86497 + 3690. Is a prime?
True
Is (-194223)/(-12) - 531/236 prime?
True
Let x = 26132 + 73194. Suppose -342*a + 344*a = x. Is a prime?
True
Let r(b) = 617*b**2 - 17*b - 2. Let k(a) = 309*a**2 - 9*a - 1. Let t(w) = 11*k(w) - 6*r(w). Let u be t(2). Let h = u + 2682. Is h a composite number?
True
Suppose 2*y = 22*a - 20*a + 61500, -5*a = -2*y + 61479. Is y prime?
True
Let h = -625 + 1578. Let l = 113 + -104. Suppose l*r = -h + 5039. Is r prime?
False
Let q(k) be the second derivative of -94*k**3/3 + 3*k**2 - 23*k. Let v be q(-2). Suppose -3*r + 5*r = v. Is r prime?
True
Suppose 5*m - 3*k - 774 = 0, 2*m + 458 = 5*m - 5*k. Let i = m + 40. Is i/20 + 2/10 composite?
True
Suppose 0 = -33*w + 111*w - 472952 + 104246. Is w a prime number?
False
Let s = 269902 - 63455. Is s a composite number?
False
Let t(g) = 468*g**3 + 11*g**2 - 33*g - 16. Is t(5) a composite number?
True
Let a(o) = o**2 + 16*o + 31. Let h be a(-14). Let s(b) = -12 - 17 + 17*b + 2*b**h - 16*b**2 + 23. Is s(11) prime?
True
Suppose -z = -m - 14346, -3*z - 16*m + 12*m + 43073 = 0. Is z composite?
True
Let k be -1*(1 - 4*5/2). Let v(x) = 3*x - 18. Let u be v(k). Is ((-41)/(-3))/(u/297) a prime number?
False
Is 8 + -16 - (-1937459 + -8) a prime number?
True
Let w(b) = 166*b - 1. Let t be w(-2). Let r = 562 + t. Let s = r + 1020. Is s composite?
False
Let g be ((7*3)/(-1))/(-1). Let r(n) = -130*n - 17. Let f(p) = 197*p + 30. Let j(l) = -5*f(l) - 8*r(l). Is j(g) prime?
False
Suppose 494602 = d + 3*l - 984234, -2*d = -2*l - 2957696. Is d a prime number?
False
Let b(x) = -3*x**2 - 5*x**3 + 3*x**3 + 3*x**3 + 7. Let n be b(3). Suppose -n*z + 1440 = -331. Is z a prime number?
False
Let q = 102931 - 55880. Is q composite?
False
Let k(o) = 164*o**2 + 21*o + 76. Let t be 142/(-16) - (-55)/(-440). Is k(t) a prime number?
True
Suppose -5755 = -2*r + s + 16332, 5*s = 35. Is r a composite number?
False
Let p be 3/((-2)/(-348)*3). Let t = 168 - 247. Let w = p + t. Is w a prime number?
False
Let z(w) = -11*w - 9. Suppose 14 = -t + 3*b, 5*t + 5*b + 9 + 1 = 0. Let q be z(t). Let a = q + 81. Is a composite?
False
Let t(y) = 7*y**3 - 30*y**2 + 86*y - 433. Is t(30) composite?
False
Let j(v)